{"id":15,"date":"2019-10-14T13:29:45","date_gmt":"2019-10-14T10:29:45","guid":{"rendered":"https:\/\/paulanherkku.com\/?page_id=15"},"modified":"2020-10-06T13:34:37","modified_gmt":"2020-10-06T10:34:37","slug":"paula","status":"publish","type":"page","link":"https:\/\/paulanherkku.com\/?page_id=15","title":{"rendered":"Paula"},"content":{"rendered":"\n<p>Olen Paula Pasanen ja yritykseni Petit Moulin Oy on toiminut kohta 30 vuotta.<\/p>\n\n\n\n<figure class=\"wp-block-image\"><img loading=\"lazy\" decoding=\"async\" width=\"1024\" height=\"837\" src=\"https:\/\/paulanherkku.com\/wp-content\/uploads\/2019\/11\/Paula_omakuva-1024x837.jpg\" alt=\"\" class=\"wp-image-61\" srcset=\"https:\/\/paulanherkku.com\/wp-content\/uploads\/2019\/11\/Paula_omakuva.jpg 1024w, https:\/\/paulanherkku.com\/wp-content\/uploads\/2019\/11\/Paula_omakuva-300x245.jpg 300w, https:\/\/paulanherkku.com\/wp-content\/uploads\/2019\/11\/Paula_omakuva-768x628.jpg 768w\" sizes=\"auto, (max-width: 1024px) 100vw, 1024px\" \/><figcaption>All-focus<\/figcaption><\/figure>\n\n\n\n<p>Olen kiert\u00e4nyt jo melkein 30 vuotta ymp\u00e4ri Suomea lukemattomissa tapahtumissa myym\u00e4ss\u00e4 makeisia, pit\u00e4nyt herkkukahviloita ja myynyt niin ruokaa kuin lakuja.<\/p>\n\n\n\n<p>Nyt olen my\u00f6skin erikoistunut laadukkaisiin ja kotimaisiin gluteenittomiin ja vegaanisiin tuotteisiin ja toimin nyky\u00e4\u00e4n laajasti &#8217;Paulan Herkku&#8217; br\u00e4ndin ja nimen alla, jolla markkinoin ja teen tunnetuksi tuotteitani.<\/p>\n\n\n\n<p>Viime vuosina olen laajentanut my\u00f6s toimintaa Espanjaan asti! <\/p>\n","protected":false},"excerpt":{"rendered":"<p>Olen Paula Pasanen ja yritykseni Petit Moulin Oy on toiminut kohta 30 vuotta. Olen kiert\u00e4nyt jo melkein 30 vuotta ymp\u00e4ri Suomea lukemattomissa tapahtumissa myym\u00e4ss\u00e4 makeisia, pit\u00e4nyt herkkukahviloita ja myynyt niin ruokaa kuin lakuja. Nyt olen my\u00f6skin erikoistunut laadukkaisiin ja kotimaisiin gluteenittomiin ja vegaanisiin tuotteisiin ja toimin nyky\u00e4\u00e4n laajasti &#8217;Paulan Herkku&#8217; br\u00e4ndin ja nimen alla, jolla<\/p>\n","protected":false},"author":1,"featured_media":0,"parent":0,"menu_order":0,"comment_status":"closed","ping_status":"closed","template":"","meta":{"footnotes":""},"class_list":["post-15","page","type-page","status-publish","hentry"],"_links":{"self":[{"href":"https:\/\/paulanherkku.com\/index.php?rest_route=\/wp\/v2\/pages\/15","targetHints":{"allow":["GET"]}}],"collection":[{"href":"https:\/\/paulanherkku.com\/index.php?rest_route=\/wp\/v2\/pages"}],"about":[{"href":"https:\/\/paulanherkku.com\/index.php?rest_route=\/wp\/v2\/types\/page"}],"author":[{"embeddable":true,"href":"https:\/\/paulanherkku.com\/index.php?rest_route=\/wp\/v2\/users\/1"}],"replies":[{"embeddable":true,"href":"https:\/\/paulanherkku.com\/index.php?rest_route=%2Fwp%2Fv2%2Fcomments&post=15"}],"version-history":[{"count":5,"href":"https:\/\/paulanherkku.com\/index.php?rest_route=\/wp\/v2\/pages\/15\/revisions"}],"predecessor-version":[{"id":112,"href":"https:\/\/paulanherkku.com\/index.php?rest_route=\/wp\/v2\/pages\/15\/revisions\/112"}],"wp:attachment":[{"href":"https:\/\/paulanherkku.com\/index.php?rest_route=%2Fwp%2Fv2%2Fmedia&parent=15"}],"curies":[{"name":"wp","href":"https:\/\/api.w.org\/{rel}","templated":true}]}}